- 4*g**2. Let u be i(14). Calculate the remainder when y(u) is divided by 2.
1
Let g(f) = -26*f - 7. Calculate the remainder when 23 is divided by g(-1).
4
Let j = 15 - 13. Suppose 5*c - 14 - 82 = -j*y, -3*c + y = -62. Let q = c - 15. Calculate the remainder when q is divided by 2.
1
Let h = 934 - 921. Let d be (-10 - -4)/(2/24). Let z = -34 - d. What is the remainder when z is divided by h?
12
Suppose -258 = q - 313. Let p(z) be the first derivative of -z**4/4 - 5*z**3/3 + z**2/2 - 2*z + 2. Calculate the remainder when q is divided by p(-6).
27
Let p(n) = 17*n**3 - 2*n**2 - n + 7. What is the remainder when p(2) is divided by 45?
43
Let w = 12 + -2. Calculate the remainder when (11300/(-210))/(-2) + (-2)/(-21) is divided by w.
7
Let b(u) = 150*u**2. Suppose 2*d + 40 = 2*f, -10*f + 5*f = -2*d - 106. What is the remainder when b(1) is divided by f?
18
Suppose 3*a - 23 = 2*y, 7 + 18 = 3*a - y. What is the remainder when 31 is divided by a?
4
Suppose 0 = -20*v + 17*v. What is the remainder when v + 0 - (2 - 143) is divided by 36?
33
Let x(h) = 15*h + 693. Calculate the remainder when x(-37) is divided by 68.
2
Suppose -11*y = 6*y - 544. Calculate the remainder when 123 is divided by y.
27
Suppose -10*o = -26*o + 432. What is the remainder when 39 is divided by o?
12
Let z = 130 + -88. Let c = -27 + z. Let s = c + 31. What is the remainder when s is divided by 12?
10
Let y = 515 + -451. What is the remainder when y is divided by 27?
10
Suppose 0 = -5*t + 243 + 637. Calculate the remainder when t is divided by 15.
11
Let n(s) = 24*s**2 + s + 2. Let y be -4 + 4 + 2 + -3. Calculate the remainder when 72 is divided by n(y).
22
Let c(j) = -10*j - 4. Calculate the remainder when c(-3) is divided by 310/20 - (-7)/14.
10
Let q be 0 - ((-2 - 1) + -4). Suppose 0 = -4*j + 3*x + 134, x + q + 61 = 2*j. Let n = j + 0. What is the remainder when n is divided by 12?
11
Calculate the remainder when 89 is divided by (-333)/81*(-9)/1 - 4.
23
Let j = 29 - 35. Calculate the remainder when 162 is divided by j/(-9) - (-1 + (-282)/9).
30
Suppose 60*z - 53*z - 70 = 0. Calculate the remainder when 249 is divided by z.
9
Suppose 4*o = v + 57, -5*o + v + 84 = 4*v. Suppose 5*b - 3*q = q + 104, b + 5*q = o. Calculate the remainder when 2 - 3 - -7*11 is divided by b.
16
Let n be 1/3*-1 + (-66)/(-9). Suppose n*a - 6*a - 34 = 0. What is the remainder when a is divided by 9?
7
Let f be (-16)/(-12) + -1 + (-2)/6. Suppose f = -4*g + 4, 4*b - 5*g - 40 = 23. What is the remainder when 32 is divided by b?
15
Suppose -7*j - 66 = -29*j. What is the remainder when 8 is divided by j?
2
Let p = 64 - 55. Suppose p = -0*j + 3*j, -5*b = -3*j - 176. Suppose u + 5*o - 35 = -2*u, 0 = -4*u + o + 39. What is the remainder when b is divided by u?
7
Let v = 17 - 12. Suppose 4*c = 2*f + 142, v*c + 3*f - 22 = 172. What is the remainder when c is divided by 5?
2
What is the remainder when (-4 + -30)*9/(-3) is divided by 33?
3
Let d = 25 + -14. Suppose -14*x + d*x + 81 = 0. Suppose -h + 11 = -x. Calculate the remainder when 111 is divided by h.
35
Suppose 5*m - h = -4*h + 15, -4*m - 5*h + 12 = 0. Suppose -6 = m*z + 3. Calculate the remainder when ((-1)/2)/(z/138) is divided by 13.
10
Suppose 5*h - 75 = 3*i, -2*i - 50 = -4*h + 2*h. Let o = 27 + i. Calculate the remainder when 45 is divided by 48/o*7/7.
21
Suppose -6 = -0*c - 2*c + g, -3*g + 6 = 0. Suppose -a + 2*a - 18 = 0. Calculate the remainder when a is divided by c.
2
Let j(r) = -r**2 - 2*r + 10. Let n be j(0). Suppose -11*v + n*v + 165 = 0. What is the remainder when v is divided by 28?
25
Let i(b) = b**3 - 11*b**2 + b - 12. Suppose 3*g = -g + 44. Let m be i(g). Calculate the remainder when ((m - 1) + 1)*-13 is divided by 8.
5
Let g = -13 - -120. Calculate the remainder when g is divided by 31.
14
Let m be (-3 + -2 + (-12)/(-4))*-5. Suppose -o - 1 = -m. Calculate the remainder when o is divided by 3.
0
Suppose -513 = -5*c + 277. Calculate the remainder when c is divided by 27.
23
Let x = 315 - 275. What is the remainder when 117 is divided by x?
37
Let c = -979 - -1128. Calculate the remainder when c is divided by 78.
71
Suppose 0 = 5*x - 20. Suppose -48 - 2 = -5*c. Suppose 0 = -5*s + c, 3*y - 11 = 5*s. What is the remainder when y is divided by x?
3
Suppose -324*f + 332*f - 2120 = 0. What is the remainder when f is divided by 89?
87
Let i be (-1)/(((-6)/(-408))/(-1)). Let v = i + -40. What is the remainder when 82 is divided by v?
26
Let u(o) = 19*o - 3. Let j = 1 - -1. Let w(g) = -3*g. Calculate the remainder when u(j) is divided by w(-3).
8
What is the remainder when 90 is divided by 59 + -25 + 6/2?
16
Let s(d) = d**3 + 5*d**2 + 4. Let m(l) = -2*l + 5. Let a be m(5). Let j be s(a). Let i = 12 - j. Calculate the remainder when 22 is divided by i.
6
Let u = 189 - -21. What is the remainder when u is divided by 51?
6
Calculate the remainder when 38 is divided by (-5)/5 - (-11 + 1).
2
Let l(h) be the second derivative of -h**5/20 - 2*h**4/3 + 11*h**3/6 + 21*h**2/2 + 10*h. Calculate the remainder when l(-9) is divided by (-7)/(-2) - 1/2.
0
Suppose -o = 5*o - 138. Suppose 0 = 2*f - 6*f + 16. Suppose 4*y + f*l - 180 = 0, y + 2*l + 22 = 67. What is the remainder when y is divided by o?
22
Suppose 6*x = 93 + 9. What is the remainder when 44 is divided by x?
10
What is the remainder when 309 is divided by ((-744)/36)/(4/(-6))?
30
Suppose 2*f + 19 = 4*o + f, 5*o + 3*f = 45. Suppose 0 = j - o - 8. Let r = -5 - -10. Calculate the remainder when j is divided by r.
4
Let j = 1871 + -1861. Calculate the remainder when 826 is divided by j.
6
Let a(y) = 34*y. Let t be a(1). Let w = -17 + t. Calculate the remainder when w is divided by 12.
5
Suppose -67*j + 70*j = -510. Let y = -116 - j. Let t = 18 + -4. Calculate the remainder when y is divided by t.
12
Let x(t) = -t**2 + 10*t - 7. Let y be x(9). Suppose -v = -y*v + 8. Calculate the remainder when 14 is divided by v.
6
Suppose 249 = m + 3*o, 6*o - 3*o - 6 = 0. Calculate the remainder when m is divided by 19.
15
Suppose -3*o = -2*o - 1, 0 = p + 5*o - 29. What is the remainder when 1534 is divided by p?
22
Suppose -4*z = -6*z + 6. Suppose -4*l + 4*w + 147 = -w, -w = z*l - 115. Calculate the remainder when l is divided by 16.
6
Let t = 20 + -17. Let u(b) = -b**2 + 10*b - 7. Calculate the remainder when 203/3 + (-2)/t is divided by u(6).
16
Let b(m) = 2*m**2 - 3*m + 5. What is the remainder when b(-4) is divided by 4?
1
Let m(d) = 7*d + 54. Calculate the remainder when m(15) is divided by 16.
15
Let c = 418 + -171. Calculate the remainder when c is divided by 10.
7
Let i = -16 - -31. Let h be ((-498)/i)/(3/(-15)). Suppose 5*x - o = h, -2*o - 13 = 2*x - 89. Calculate the remainder when x is divided by 12.
10
Let z(o) = -2*o**2 + 2*o + 11. Suppose k + 10 = 2*j, 0*k + k - 15 = -3*j. What is the remainder when 21 is divided by z(k)?
10
Let c(j) = -3*j + 2 - 12 - 2 - 1. Let b be c(-17). Suppose -3*s + 3*i = -78, 3*i - b - 73 = -4*s. What is the remainder when s is divided by 15?
12
What is the remainder when 604/22 - 48/(-88) is divided by 18?
10
Let y(b) = b**3 - 5*b**2 - 7*b - 6. Suppose -5*w = -3*w + 174. Let o = -72 - w. Calculate the remainder when y(7) is divided by o.
13
Suppose -55*y + 52*y = -1704. Calculate the remainder when y is divided by 10.
8
Let z be (113 + 3 - -3) + -4. Let r = 81 + z. Suppose 64 = -4*t + r. What is the remainder when 97 is divided by t?
31
Let j = 1522 + -1085. Calculate the remainder when j is divided by 34.
29
Suppose 236 = 6*z + 44. Suppose -x = -3*x + z. Calculate the remainder when 27 is divided by x.
11
Let a(h) = -11*h**3 - 3*h**2 - 14*h + 5. Let u(k) = 5*k**3 + 2*k**2 + 7*k - 2. Let p(w) = -4*a(w) - 9*u(w). Calculate the remainder when p(-6) is divided by 14.
12
What is the remainder when 3861/(-78)*(-8)/6 is divided by 4?
2
Let h(j) = j - 1. Let x be h(-5). Let p = -6 + x. Calculate the remainder when 45 is divided by p + 14 - (-20)/2.
9
Let h(x) = x - 5. Suppose 5*v = 2*v + 39. Calculate the remainder when h(v) is divided by 5.
3
Let b(d) = 2*d + 115. Calculate the remainder when 123/3 + 2 + -2 is divided by b(-46).
18
Let h(p) = -p**3 - 11*p**2 + 12*p + 7. Let t be h(-12). Suppose 4*a - 3*a = t. What is the remainder when 20 is divided by a?
6
Let v(d) = d**2 + d - 8. Let 